. What is the highest common factor of y and o?
11
Let z = 3 - -93. What is the greatest common factor of z and 24?
24
Let o(u) = 3*u**2 - 30*u. Let f be o(14). Calculate the greatest common divisor of 24 and f.
24
Let m be 40/(-32)*48/(-2). What is the greatest common divisor of 6 and m?
6
Let h(m) = m**2 + m + 23. Let r be h(-11). What is the greatest common factor of r and 7?
7
Let f(h) = -h**2 - 3*h + 4. Let a(b) = 1. Let g(k) = 5*a(k) + f(k). Let c be g(-4). Calculate the highest common factor of 1 and c.
1
Let l be ((-8)/(-12))/(2/12). Suppose -b - 24 = -l*b. Let f be 42/(6/8 - 0). What is the highest common factor of b and f?
8
Suppose -o = -i - 6*o + 9, 9 = 3*i - 3*o. What is the highest common factor of i and 20?
4
Let l be 116/10 - (-2)/5. Let s(z) = 2*z**2 + 3*z + 3. Let m be s(-3). Let h = m + 0. What is the highest common factor of h and l?
12
Let h be -3 + 1 - 64*9/(-18). What is the highest common divisor of 70 and h?
10
Let c = -152 - -155. What is the highest common divisor of c and 3?
3
Let v be (7 + 1)/(3/27). Suppose -j + 10 = -2*j. Let o be (-42)/(-5) - 6/j. What is the greatest common factor of o and v?
9
Let i = 36 - 33. Calculate the highest common factor of 33 and i.
3
Let w be (3 + 387/6)*2. Calculate the highest common divisor of w and 54.
27
Suppose -5 = 2*a + 5. Let p(n) = 5*n + 3. Let j be p(a). Let h = j - -33. What is the highest common divisor of 99 and h?
11
Suppose -375 = p - 4*p. Suppose -2*m - 5*f = -44, 3*m - p = -2*m - 5*f. Calculate the greatest common divisor of m and 3.
3
Let r(i) = -i + 4. Let j be r(-4). Suppose -5*m + 32 = -j. What is the greatest common factor of 16 and m?
8
Suppose w + 43 - 12 = -b, 0 = 3*w + 4*b + 98. Let z = -12 - w. Calculate the highest common divisor of z and 2.
2
Suppose -41 = -9*i + 103. What is the highest common divisor of 2 and i?
2
Suppose -3*n = 5*b + n - 16, -2*n - 18 = -4*b. Calculate the highest common factor of b and 32.
4
Let h be (-1 - 0) + (-12)/(-4). Suppose -4*y = h*g - 38, 0 = -2*y - y + 2*g + 11. Calculate the greatest common factor of 49 and y.
7
Let v = -1 - -3. Let m be (-2 + 1)/(1/(-67)). Suppose -61 = -4*r - v*x + x, -5*x = 3*r - m. Calculate the highest common factor of r and 98.
14
Let s be (8/(-6))/(1563/522 + -3). Calculate the highest common factor of s and 29.
29
Let x(r) = r + 6. Let c be x(0). Let j = 14 - c. Calculate the greatest common divisor of j and 64.
8
Let i = 173 + -103. Let m(u) = 6*u**3 - 7*u**3 + 2 - 2 - 6*u**2 - 7*u. Let r be m(-5). Calculate the greatest common factor of i and r.
10
Suppose -2*b + 6*b - 100 = 0. Calculate the highest common factor of 200 and b.
25
Suppose -5*t - 2*q + 398 = 0, -t + 5*q + 292 = 3*t. Let s = t + -23. Let j be 0 + (5 - 0 - 0). Calculate the highest common factor of s and j.
5
Let h be 3 + 11/((-22)/(-36)). Calculate the greatest common divisor of 336 and h.
21
Let k = 59 - -103. Calculate the greatest common factor of 18 and k.
18
Suppose s = 6*s - 55. Let y be (118 - (4 - 5)) + 2. Calculate the greatest common factor of y and s.
11
Suppose 5 = 3*m - 28. Suppose -2*r = -25 + 3. What is the greatest common divisor of m and r?
11
Let d(n) be the second derivative of n**4/12 + 5*n**3/6 + 5*n**2/2 + 3*n. Let o be d(-4). What is the greatest common divisor of 9 and o?
1
Let u be ((-48)/(-21) - 1) + 2/(-7). What is the highest common factor of u and 5?
1
Let z = -7 + 4. Let y be ((-8)/z)/((-2)/(-24)). Suppose -35 = -5*h + h - m, h + 2*m - 14 = 0. Calculate the greatest common divisor of h and y.
8
Let m(q) = -q**3 + 8*q**2 + 9*q + 1. Let i be m(9). Let p be 20/(2*1) - 1. What is the highest common factor of p and i?
1
Let r = 0 + 2. What is the highest common divisor of 8 and r?
2
Let w be (2/(-2))/(1/(-17)). Let r be 0 + 1 - (-7 + 3). Suppose 64 = -r*k + 999. What is the greatest common divisor of k and w?
17
Suppose 5*a - 18 = -2*l, 0 = -0*l + l - 2*a. Suppose 3*b + 23 = 2*f, l*f = -2*b + b + 67. What is the greatest common factor of f and 64?
16
Let k = -10 + -17. Let g = -19 - k. Calculate the highest common divisor of 2 and g.
2
Let z be -2 + 112/((-12)/(-3)). Suppose -z = -5*k - 0*l + 2*l, 5*l = -4*k + 34. Calculate the greatest common factor of k and 15.
3
Suppose 2*u + 3*a + 45 = 5*u, u = -5*a + 33. What is the greatest common factor of u and 9?
9
Suppose 9*m = m + 48. What is the highest common divisor of m and 18?
6
Suppose 6*a = 3*a + 30. Suppose g - 3*g + a = 0. Suppose g = -0*m + m. What is the highest common divisor of m and 35?
5
Let o = 8 - 5. Suppose -o*t + 150 = -0*t. Calculate the greatest common factor of t and 5.
5
Suppose -5*p + 3*s = -2, -5*p - 26 = 6*s - 2*s. Let t(k) = 2*k - 7. Let n be t(5). Let j = n - p. What is the greatest common factor of 45 and j?
5
Let c = 18 + -11. Calculate the highest common divisor of c and 49.
7
Let x(r) = -r**2 + 7*r + 4. Let q be x(6). Let n be 35/q - 2/4. Suppose -z + n*z = 4. Calculate the highest common factor of 22 and z.
2
Let j = 44 - 38. What is the highest common factor of j and 15?
3
Let r = 25 + -7. Calculate the greatest common divisor of r and 90.
18
Let b = 23 + -9. What is the greatest common factor of 70 and b?
14
Let q be 10/15 + (-122)/(-6). Suppose 4*s - 3*s - q = 0. Let d be (2 + 3)*378/10. What is the highest common divisor of s and d?
21
Suppose 0*y - 2*y + 44 = 4*o, y = 2*o + 18. What is the greatest common factor of 30 and y?
10
Let q = -1 - -2. Let n be (-5 - -2) + -3 + 4. Let s be (n + 1)*(q - 6). What is the highest common factor of s and 25?
5
Let i(l) = 0*l - 1 - 3 + l - 5*l**2 + 0 + l**3. Let z be i(6). Let d be (0 - -1)*(1 + z). What is the greatest common divisor of 13 and d?
13
Let f(d) = -22*d**3 + d**2 + d. Let q be f(-1). What is the greatest common factor of q and 33?
11
Let h(i) = 13*i**2 - 10*i. Let m be h(4). Calculate the greatest common divisor of 24 and m.
24
Let t(a) = -a**2 + 4*a + 40. Let j be t(0). What is the highest common divisor of 40 and j?
40
Suppose 2*p - 244 = -4*z, -3*z + 176 = -p - p. Suppose 0*v + 3*v = z. Calculate the highest common divisor of 220 and v.
20
Suppose -120 = -7*m + 2*m. Let s(j) = -j**2 - 5*j + 8. Let t be s(-6). Let x be (t/(-8))/(6/(-72)). Calculate the highest common factor of m and x.
3
Let f be 33/63*9 + 2/7. Let i(c) = -4*c**2 + 2*c - 1. Let o be i(1). Let u(s) = -8*s - 4. Let x be u(o). What is the greatest common divisor of x and f?
5
Suppose 3*f - 72 = -0*f. Suppose -8*o - f = -4*o. Let k be 266*(2 + 9/o). Calculate the greatest common factor of 19 and k.
19
Let p be (4*-1)/((-6)/(-9)). Let l = 10 - p. What is the highest common divisor of l and 64?
16
Let s(h) = -2*h**3 - 2*h - 3. Let z be s(-2). Suppose -6*l = -224 - 184. What is the highest common divisor of z and l?
17
Let x(k) = -k**2 + 6*k + 17. Let t be x(7). What is the greatest common divisor of 30 and t?
10
Let b(o) = o**3 - 4*o**2 - 4*o - 1. Let x be b(5). Suppose 0 - 48 = -x*g. Suppose -2*z + 4*z = 60. What is the highest common factor of g and z?
6
Suppose -4*l = -3*r + 26, 0*l + 22 = r - 4*l. Let a be (-4)/r + (10 - -17). What is the highest common factor of a and 50?
25
Suppose -768 = -5*l - 8. Let m be (5 - (-13)/((-78)/36)) + 20. Calculate the highest common divisor of m and l.
19
Let r(s) = -6*s - 7. Let i be r(-6). Calculate the highest common divisor of 145 and i.
29
Suppose -4*w + 10 - 2 = 0. Let q be 46/w - (1 - 2). Calculate the highest common divisor of q and 3.
3
Suppose -36 = -3*o + 39. Let y = -18 + o. What is the highest common divisor of 1 and y?
1
Let k = 447 - 259. What is the highest common factor of k and 47?
47
Let o(a) = a**3 - 12*a**2 + a + 5. Let i be o(12). What is the greatest common divisor of 34 and i?
17
Let u(m) = 4*m. Let p be u(3). What is the greatest common factor of 6 and p?
6
Let m = -420 - -699. Let p = m - 191. Let i be 2*(-3)/((-24)/44). What is the highest common factor of i and p?
11
Suppose 0 = 2*h - 4*h + 4*o - 44, 0 = 4*o + 16. Let x be 82/5 - (-12)/h. Calculate the greatest common divisor of x and 144.
16
Suppose 0 = 17*s - 299 - 109. What is the greatest common divisor of 24 and s?
24
Let a = 128 - 124. Calculate the greatest common divisor of 5 and a.
1
Suppose 0 = 3*u - u - 30. Calculate the highest common factor of u and 45.
15
Let d(n) = -n**2 - 8*n + 3